digit of t?
6
Let d(n) = 2*n**3 - 5*n**2 + 25*n + 162. What is the thousands digit of d(15)?
6
Let d be 3 - ((-2)/(-3) - 34/51). Suppose d*o - 4667 = 21*j - 25*j, 1577 = o - 4*j. What is the thousands digit of o?
1
Let g(x) = -2*x + 4. Let c be g(-2). Let h(f) = f**3 - 5*f**2 - 5*f + 17. Let v be h(c). Let o = v - 92. What is the tens digit of o?
7
Let z = 14173 + -7083. What is the tens digit of z?
9
Let p(w) be the second derivative of 79*w**3/6 + 259*w**2/2 + 237*w + 2. What is the units digit of p(17)?
2
Let d = -291 - -411. Suppose -d = -6*j + 384. Let f = -57 + j. What is the units digit of f?
7
Let x(u) = 21*u**2 + 1. Suppose 0*g + 4*q = -g + 4, 5*q = 4*g - 16. Suppose 4*y + 5*h = -13, -g*y - h - 4 - 5 = 0. What is the units digit of x(y)?
5
Let x(c) be the second derivative of c**3/3 + 30*c**2 - 2*c. Let q = -109 + 90. What is the tens digit of x(q)?
2
What is the ten thousands digit of (50134/20*(-360)/210)/((-6)/15)?
1
Suppose -4*u = 3*m - 224483, 1083*u - 1079*u - 224482 = -2*m. What is the ten thousands digit of u?
5
Let g = -27386 - -42586. What is the tens digit of g?
0
Let g(f) = -92*f**2 + 7*f - 17. Let t be g(3). Let q = -336 - t. What is the hundreds digit of q?
4
Let p = 12584 - 8490. What is the hundreds digit of p?
0
Let v(a) = -317*a - 799. What is the thousands digit of v(-26)?
7
Suppose -3 = -o, -3*o + 111140 = 4*p + 21351. What is the ten thousands digit of p?
2
Let w be ((-4)/(-6))/(-6 + 17/3). Suppose -b - b - 966 = 0. What is the tens digit of w/13 + b/(-13) + 3?
4
Let g = 12211 - 6935. What is the tens digit of g?
7
Let t be -12*((-5)/3)/5. Suppose 12 = t*i - 0*i. What is the tens digit of 22/(-2 + i) + -1?
2
Let j be (2*2 - 1) + (8 - -41). Suppose j*u + 2 = 53*u. What is the units digit of (-101)/u*(42/(-6) + 5)?
1
Let w(u) = -4640*u + 1168. What is the hundreds digit of w(-3)?
0
Let p(k) = 1532*k - 532. What is the hundreds digit of p(17)?
5
Suppose -3*u = -k + 1794, 5003 + 2162 = 4*k - u. What is the thousands digit of k?
1
Let x be ((-2)/4)/(228/56 + -4). Let u(h) = -9*h**2 + 29*h + 2. Let w(c) = 5*c**2 - 15*c - 1. Let i(s) = x*w(s) - 4*u(s). What is the tens digit of i(-10)?
0
Let j(f) = f**3 - 12*f**2 - 11*f + 8. Let n be j(13). Suppose 5*c = 25, a = 6*a + 4*c - 165. Suppose -n*k = -a*k - 575. What is the hundreds digit of k?
1
Let m(b) = 26*b**2 - 3*b + 2. Let p = 82 + -93. Let s(j) = 77*j**2 - 8*j + 6. Let q(i) = p*m(i) + 4*s(i). What is the units digit of q(-1)?
3
Suppose 13*l = 41313 + 60750. What is the units digit of l?
1
Let r(o) = -15912*o - 963. What is the thousands digit of r(-1)?
4
Suppose -63 = 4*k - 11*k. Let s(v) = v**3 - 10*v**2 + 10*v - 10. Let z be s(k). What is the units digit of z/(105/36 + -3)?
2
Let h(x) = 17*x**2 + x + 7. Let a be h(3). Suppose a = z + 2*v, 329 = z + z + 5*v. What is the hundreds digit of z?
1
Let i(s) = -s**2 + 99*s + 234. What is the thousands digit of i(63)?
2
Let q = -254 + 2973. What is the tens digit of q?
1
Suppose -14*l + q - 84399 = -18*l, 0 = q - 3. What is the units digit of l?
9
Suppose -54 + 41 = -3*i - 2*v, 0 = -v + 2. Suppose 1 = -3*s + 4*s. What is the tens digit of -1*i/3*(-62 + s)?
6
Suppose 0 = 12*u - 17*u + 90. Let i be (8/(-10))/((-2)/5). Let v = u - i. What is the tens digit of v?
1
Suppose 4*p + 2502 = 4*v - 2*v, 3*p = -5*v + 6190. Suppose 5*u = -3*f + v, -3*u - 272 + 1011 = -f. What is the tens digit of u?
4
Let h(z) = -4*z + 44. Let u be h(9). What is the units digit of ((-28)/49)/(u/(-18452))?
8
Suppose -435*r + 436*r - 3 = 0, 38499 = 4*j + 5*r. What is the tens digit of j?
2
Let w(m) = -m**3 - 26*m**2 + 218*m - 42. What is the ten thousands digit of w(-48)?
4
Let v(p) = 81*p**2 - p + 1. Let g be v(1). Let z = -3331 + 3306. Let a = z + g. What is the units digit of a?
6
Let i = 563 + 3515. What is the hundreds digit of i?
0
Let v(q) = -56*q + 3262. What is the units digit of v(-85)?
2
Let p = -6 - -14. Let i(z) = -91*z**3 + 9*z**2 - 14*z + 23. Let r(f) = -15*f**3. Let o(j) = -i(j) + 6*r(j). What is the tens digit of o(p)?
2
Suppose -415 - 2269 = -11*f. Let l = 427 - f. What is the units digit of l?
3
Let q = 45 + -17. Suppose -4*j = v - q, v = -5*j + 6*v + 60. What is the tens digit of (j/4 - 0)/(8/524)?
3
Let h(k) = k**3 + 16*k**2 + 10*k + 83. What is the tens digit of h(16)?
3
Let u be 96/(-320) - (-1654)/(-20). Let c = u - -375. What is the units digit of c?
2
Let c = 112 - 164. Let t be (2 - 0)*(3 - 22/(-4)). Let k = t - c. What is the tens digit of k?
6
Suppose k = 3*j - 11293, 2*k + 7 = 5. What is the thousands digit of j?
3
Let u = -1343 - -1439. What is the units digit of u?
6
Suppose -87*x + 2323528 + 1998738 = -203996. What is the ten thousands digit of x?
5
What is the tens digit of 14496/(-36)*516/(-16)?
8
Suppose 2*w = 4*k - 7 - 5, 0 = -3*k + w + 9. Suppose -k*l = -3*r + 39, -38 = -5*r - 2*l - 2*l. What is the tens digit of 982/r - (-5)/(-25)?
9
Let x(k) = k**2 + 12*k + 24. Let w be x(-10). Suppose 0*d - 876 = -w*d. Suppose -3*n - 780 = -4*g, -5*g - n + 737 = -d. What is the tens digit of g?
9
Let j(p) be the first derivative of p**4/4 + 26*p**3/3 + p**2 + 23*p + 5. What is the thousands digit of j(-24)?
1
Suppose -2*g = f + 2*g - 4421, -17701 = -4*f + g. Let h be 3/((-2 + 0)/(-5 - -15)). What is the tens digit of ((-8)/10)/(h/f) - 4?
3
Let o be 17/(-68) - (-18433)/(-8)*-2. Suppose 34*p = o + 40544. What is the units digit of p?
8
Let w(q) = -q**3 + 7*q**2 + 4*q - 9. Let l be (-1)/5 - (-126)/30. Suppose -5*y + 13 = -l*z - 13, -5*z - 30 = -5*y. What is the tens digit of w(z)?
5
Let z(m) = 1747*m - 162. What is the hundreds digit of z(6)?
3
Let m = -212 + 912. Suppose -m = -5*l - 0*l. Suppose -2*c + 4*g + 150 = -l, -4*c + 565 = -5*g. What is the hundreds digit of c?
1
Let t = 148914 + -99836. What is the tens digit of t?
7
Suppose -35269 = 2*h - 61663. What is the units digit of h?
7
Let j(w) = 2290*w - 1431. What is the thousands digit of j(4)?
7
Suppose 16*o + 21*o = 5*o + 362816. What is the ten thousands digit of o?
1
Suppose 58*g - 357528 - 72716 = 0. What is the units digit of g?
8
Let b = 34760 - 23564. What is the hundreds digit of b?
1
Let m(v) = -v**3 - 3*v**2 + 4*v + 10. Let n be m(-3). Suppose 2*k = -5*j + 23 + 16, 0 = 4*k - 8. What is the units digit of j - -2*n/(-4)?
8
Let w(b) = 203 + 8*b + 26*b**2 - 338 + 188 + b**3 - 2*b**2. What is the hundreds digit of w(-22)?
8
Let c(i) = -27*i + 21. Let g be c(1). What is the hundreds digit of 1/(g/165)*-32?
8
Let n = -33238 - -47539. Suppose 0 = 42*s - 21*s - n. What is the units digit of s?
1
Let m be (((-1662)/(-9))/((-4)/(-12)))/(-2). Let l = m + 469. Let h = -52 + l. What is the tens digit of h?
4
Let t = -61450 - -131603. What is the units digit of t?
3
Let m(b) = -8*b**3 + 49*b**2 + 43*b + 355. What is the ten thousands digit of m(-12)?
2
Let u(z) = z**2 + 50*z + 1346. What is the hundreds digit of u(-34)?
8
Suppose -115*p + 3776778 = 39*p - 1362818. What is the hundreds digit of p?
3
Let d be ((-291)/(-2))/(3/2). Let j(y) = 71*y + 383 - 92*y - 378 - d*y. What is the hundreds digit of j(-1)?
1
Let s be 70/(-5) + (-3)/1. Let z = s - -353. Suppose 2*c + 5*n - 338 = 0, 0*n - z = -2*c - 4*n. What is the tens digit of c?
6
Let c be ((-88)/(-11))/(1/((-2)/(-4))). Suppose 0 = 2*o - 1116 + 164. Suppose 0 = c*y - 11*y + o. What is the tens digit of y?
6
Let j(k) = 2*k**2 + 49*k + 46. Let u be j(-23). Let b = 44 + u. What is the tens digit of b?
2
Suppose 0 = -4*l + 2*u - 42, 2*u = -1 + 7. Let h(c) = -c**3 - 14*c**2 - 12*c - 22. Let f be h(l). Let q = f - -474. What is the tens digit of q?
5
Suppose 2*f = -0*f + 12. Let a(t) = 4*t**2 + 253*t - 184. Let s be a(-64). What is the units digit of 80 + 4/f*(s + -2)?
4
Let l = 102 - 54. Suppose -2*n + 4*g = -l, -3 = n + 2*g - 19. What is the units digit of n?
0
Let l(q) = 36*q - 21. Let n(m) = 37*m - 21. Suppose 8*r - 5 = 9*r. Let j(y) = r*n(y) + 4*l(y). What is the hundreds digit of j(-3)?
1
Suppose 54*l + 71746 = 5*t + 55*l, 2*l = t - 14336. What is the units digit of t?
8
Let w be 1029/5*(-35)/(-7). Suppose 60 = d - w. Suppose -13*s = -4*s - d. What is the units digit of s?
1
Suppose 0 = 3*l + 2*w + 22, 12 = -5*l + w - 16. Let r(f) = f**3 + 4*f**2 - 10*f + 13. Let j be r(l). What is the hundreds digit of 3270/15 + j + 1 + -2?
2
Let